 d - 5. Let u(z) = 6*z**2 + 5*z - 1. Let m be u(-2). Let v = m - 21. Calculate t(v).
3
Suppose 0*y - 5 = -5*y, 2*y = -2*w + 26. Let d(u) = u**2 - 10*u - 14. Give d(w).
10
Let l(z) = -z - 4. Let j(p) = 3*p + 9. Let f(m) = -2*j(m) - 5*l(m). Calculate f(-2).
4
Let g(p) = p**3 + 3*p**2 - 6*p - 4. Let y be ((-48)/(-42))/((-4)/(-14)). Suppose -3*z = -l - 4*z + 3, -2*l + y*z = 0. Suppose 3*f = l*f - 4. Calculate g(f).
4
Let u(w) be the second derivative of w**4/12 + w**3/2 + 2*w**2 + 9*w + 7. Calculate u(-4).
8
Let v(b) be the second derivative of b**4/6 + b**3/3 + 3*b**2/2 + 141*b. Determine v(-3).
15
Let h(k) = -6*k - 385*k**2 + k + 384*k**2 - 4. Determine h(-4).
0
Let d(k) = -k**3 - 7*k**2 + 10*k + 2. Let m = -63 + 55. What is d(m)?
-14
Suppose 7*b - 2*b = -4*j + 6, -b + 14 = 4*j. Let v(m) = 6*m - 1. Let s(l) = l**2 + 10*l - 4. Let c(k) = -s(k) + 2*v(k). Give c(j).
-6
Suppose -24 = -5*o + w, 0 = 5*o + 4*w - 2 - 2. Let k(v) = 2*v + 3. Let u(q) = -q - 2. Let x(p) = 5*k(p) + 8*u(p). Determine x(o).
7
Let j(x) = -x**3 + 6*x**2 - 4*x + 6. Let b(y) = -y**3 - 14*y**2 + 14*y - 4. Let q be b(-15). Let u be 2/q + (-106)/(-22). Determine j(u).
11
Let a(j) = -j**2 - 11*j - 3. Let o(i) = 2*i**2 + 24*i + 6. Let u(s) = 13*a(s) + 6*o(s). Give u(6).
-33
Let t(o) = o**3 + 21*o**2 - 4*o + 8. Let i(s) = 2*s**3 + 40*s**2 - 6*s + 15. Let g(p) = -6*i(p) + 11*t(p). Determine g(-7).
-44
Let d(v) = v**2 - 15*v - 23. Let w(a) = -55*a + 567. Let n be w(10). Determine d(n).
11
Let w(d) = 256*d - 416. Let a(h) = -15*h + 24. Let b(y) = -104*a(y) - 6*w(y). Calculate b(-1).
-24
Let y(r) = -10*r**3 + 23*r**2 + 20*r + 15. Let b(d) = -3*d**3 + 8*d**2 + 7*d + 6. Let l(f) = 7*b(f) - 2*y(f). Give l(11).
-10
Let k be 0*(-2 + 2 - -1). Let x be k/11*(-1)/(-3). Let f(y) = x*y + 3*y**2 + 2 - 2*y**2 + 0*y. Give f(3).
11
Let t(o) be the third derivative of -o**5/60 - o**4/8 + o**3/2 - 89*o**2. Determine t(3).
-15
Let f(p) = 11*p - 10. Let k be f(1). Let j(n) = 5*n**2 - 3. Let y(o) = -10*o**2 + 7. Let u(b) = 5*j(b) + 2*y(b). What is u(k)?
4
Suppose -18*g = -14*g - 3*t + 59, -5*t = -3*g - 36. Let f(c) = c**2 + 17*c + 3. Determine f(g).
3
Let s(h) = h**3 - 7*h**2 - 2*h + 2. Let y = 2482 - 2474. Determine s(y).
50
Suppose t - 4*c + 4 = 11, 5*t + 4*c + 13 = 0. Let r(i) = -i**2. Calculate r(t).
-1
Let a(z) be the third derivative of -5*z**4/24 - 4*z**3/3 + 27*z**2. Let c(v) = -6*v - 9. Let t(n) = -5*a(n) + 4*c(n). Determine t(-7).
-3
Let q(s) = -s + 6. Let y = -38 + 39. Let m(z) = z - 1. Let k(b) = y*q(b) + 2*m(b). Calculate k(4).
8
Let r(l) = -11 + 60 - 21 - l**3 - 12 - 2*l + 7*l**2 + 5*l**2. Determine r(12).
-8
Let y(q) = 2*q - 3. Suppose 0 = -2*l - 5*n - 24, -9*n - 16 = -5*n. Give y(l).
-7
Suppose 23 + 22 = 15*j. Let a(r) be the third derivative of -5/3*r**j + 0*r + 0*r**4 + 12*r**2 - 1/60*r**5 + 0. Give a(0).
-10
Let d(w) = w**3 + 7*w**2 - 3*w - 9. Suppose -18*m - 20 = 106. Determine d(m).
12
Let q(y) = -16*y + 75. Let u(f) = 7*f - 37. Let r(v) = -4*q(v) - 9*u(v). Calculate r(0).
33
Let z(i) = 3*i**3 - 21*i**2 - 14*i - 27. Let u(a) = -4*a**3 + 32*a**2 + 22*a + 40. Let h(x) = 5*u(x) + 7*z(x). Calculate h(-12).
11
Let b(h) = h**2 - 12*h - 17*h - 19*h - 2 + 41*h. Suppose -i - 5*s = i - 19, -3*i - 5*s + 26 = 0. What is b(i)?
-2
Suppose -j + 3 = v - 3, -4*v + 5*j - 12 = 0. Let n(o) = 0*o**2 - 5*o + o + o**2 - v*o + 3. Determine n(5).
-2
Let z(k) = k**3 + 7*k**2 + 6*k + 12. Let y be z(-6). Let g(q) = q**3 + 2*q**2 + 5*q + 5*q - y*q. Give g(-3).
-3
Let o(c) = 2773*c**2 - 1377*c**2 - c**3 - 36*c - 1376*c**2. Give o(18).
0
Suppose -39*z + 465 = -8*z. Let b(w) = w - 19. Calculate b(z).
-4
Let a = 13 + -13. Let j(g) = g + a*g - 2*g + 25 - 17. Let i be j(7). Let d(l) = -7*l - 1. What is d(i)?
-8
Let f(m) be the second derivative of -2*m**3/3 - 5*m**2/2 + 24*m. Let a(i) = -i - 2. Let u(o) = -3*a(o) + f(o). What is u(-1)?
2
Let v(m) = -12*m - 6*m + 29 + 3*m + 13*m. Determine v(13).
3
Let s be (-7)/6 + (-341)/186. Let g(l) = l. Determine g(s).
-3
Suppose -15 = j - 6*j. Suppose -2*v + 20 = j*v. Let d(o) = -5*o**2 + 4*o - 6 + 4*o**2 + o + o. What is d(v)?
2
Let z(c) be the first derivative of -c**3/3 - 3*c**2 - 4*c + 582. Determine z(-4).
4
Let o(t) = t**2 - t. Let k = 9 - 8. Let i(m) = -m**3 + k + m + 0 + 0*m + m**2 - 2*m. Let c(y) = i(y) + 6*o(y). Calculate c(6).
-5
Let u(s) = 51*s - 45*s - 15 - 57 + 0. Determine u(12).
0
Suppose 15 = 6*z + 9*z. Let o(h) = 3*h - 1. Give o(z).
2
Suppose 3*z = -0*z + 36. Suppose -2*m - m + z = 0. Let c(r) = m + 5*r - 19*r + 13*r. Determine c(5).
-1
Let c(f) be the second derivative of -f**6/720 - 13*f**5/120 - f**4/12 + 16*f. Let x(u) be the third derivative of c(u). Let t = -8 - -2. Determine x(t).
-7
Suppose 0 = 3*j - n - 4, -j + 4*n - 17 = -0*j. Let s(o) = 61*o**2 + j + 0*o - 60*o**2 - o. Let x = 1 + -1. What is s(x)?
3
Let v = -52 + 0. Let a = v + 48. Let j(c) = 0*c - 4 - c**2 - 6*c - 2. Determine j(a).
2
Let y(c) = 2*c**3 - 2*c**2 + 1. Let d be y(1). Suppose -d = 5*q + 14. Let m(p) = -6*p + p - 1 + 5*p - p. What is m(q)?
2
Let p(l) = 6*l**2 + 3*l + 1. Let o(v) = -5*v**2 - 30*v - 1. Let r be o(-6). Determine p(r).
4
Let n(z) = z**3 + 4*z**2 + 3*z + 1. Let s = -925 + 921. Determine n(s).
-11
Let y(z) = -2*z**2 - 11*z + 7. Let v(x) = x**2 + 11*x - 7. Let j(q) = -3*v(q) - 2*y(q). What is j(9)?
-11
Let q(o) = -4*o**2 + 5*o + 2. Let k be q(-1). Let g(h) be the second derivative of -h**5/20 - h**4/2 + 4*h**3/3 + 3*h**2/2 + 7*h. What is g(k)?
-4
Let u = -842 - -838. Let z(x) = -x + 15. Give z(u).
19
Let w(b) = b**3 + 2*b**2 + 4. Let o be ((-28)/35)/(-1)*5*-1. Determine w(o).
-28
Let u(i) be the third derivative of -i**7/840 - 7*i**6/360 + 7*i**5/120 - i**4/12 - i**3/2 + 3*i**2. Let y(t) be the first derivative of u(t). Give y(-8).
6
Let x(w) = 5*w - 47. Let c(s) be the second derivative of s**3/6 - 6*s**2 - s. Let d(u) = 9*c(u) - 2*x(u). What is d(-7)?
-7
Let u(v) = v**3 - 6*v**2 + 4*v + 7. Suppose 20 = 2*p + 84. Let j = p + 27. Let c be (1 - 3)/(2/j). Determine u(c).
2
Let x(s) = -s + 2. Let l be ((-88)/28)/(2*1/(-14)). Let u(j) be the first derivative of -2*j**2 + 8*j + 1. Let a(k) = l*x(k) - 6*u(k). What is a(-3)?
-10
Suppose 27 = -6*f + 9*f. Suppose -3*x - 4*n = -31 + f, -5*x - 4*n + 34 = 0. Let a(h) = -h**3 + 5*h**2 + 6*h + 6. What is a(x)?
6
Let l(w) = -w**3 - 6*w**2 - 6*w + 6. Let k be l(-5). Let m(h) = 8*h**2 + 4*h**3 - 20*h**2 + 1 + k*h**2. Give m(1).
4
Let m(d) = 7*d**3 + d**2 + d - 1. Let s(j) = 6*j**3 + 0*j + 4*j - 2*j + 2*j**2. Let y(p) = 5*m(p) - 6*s(p). Suppose 0 = -24*x - 21*x - 270. Determine y(x).
1
Let r(x) = -x**2 - 15*x - 55. Let z be r(-5). Let u(k) = -k + 1. Let w be u(-2). Let y(f) = -3*f + w*f**2 + 2*f**2 - 6*f**2 + 7. What is y(z)?
-3
Suppose 4*b + 2*u = 6, 5*u = 34*b - 39*b. Let c(h) = h - 4. Give c(b).
-1
Suppose 22 + 22 = -4*n. Let m(v) = -v**2 - 11*v + 8. Determine m(n).
8
Suppose -458 + 503 = 9*u. Let v(r) = 4*r. Determine v(u).
20
Let y(n) = n + 32. Let z be y(-12). Let c(u) = -13*u**2 + 5 + 4 - 5*u - 8*u**2 + z*u**2. Determine c(-7).
-5
Let s(q) be the third derivative of 11*q**4/24 - 5*q**2. Let b be 100/75*9/12. Determine s(b).
11
Let a(x) be the third derivative of -1/30*x**5 - 9*x**2 - 1/120*x**6 + 0 + 1/2*x**3 + 5/24*x**4 + 0*x. Suppose -5*v - 23 = -8. What is a(v)?
-3
Let p(r) be the second derivative of -7/12*r**4 + 1/20*r**5 + 15*r + 3/2*r**2 + 0 + 7/6*r**3. What is p(6)?
9
Let t(q) = -q**2 - 10*q - 7. Let n be t(-9). Let g(u) = 11*u**n + 5 - 8*u**2 - 2 - 8*u**2 + u**3 + 5*u. Calculate g(4).
7
Let y(g) = -g**2 + g - 1. Suppose -3*p = 5*q - q + 120, -3*p + 2*q = 102. Let c be 0*4/p*-3. Give y(c).
-1
Let k(a) = -3 - 643*a + 7 + 636*a + a**2. Let s be k(6). Let c(n) = -3*n - 2. Calculate c(s).
4
Let h(a) = -3*a**2 - 3*a + 1. Let m(z) = 7*z**2 + 8*z - 1. Let t(q) = 9*h(q) + 4*m(q). Give t(-3).
-1
Let p(k) = -1 - 6*k + 12*k + 6. Let v(t) = -9*t - 8. Let w(d) = -7*p(d) - 5*v(d). What is w(-4)?
-7
Let s = 626 + -621. Let c(o) = -o**3 + 6*o**2 - 3*o - 3. Give c(s).
7
Let p(a) = 2*a - 15. Let x(w) = -w**2 + 16*w - 57. Let q be x(8). What is p(q)?
-1
Let o(f) = f**3 + 5*f**2 - 4*f - 2. Let x be o(-6). Let g = x + 18. Let t(k) = k**2 + 3 - g*k + 7*k**2 - 9*k**2. Determine t(-5).
-2
Let x = -407 + 411. Let y(k) = -4*k + 6. Suppose 0*q + 4*q = 12. 